{"id":436,"date":"2019-05-17T13:44:41","date_gmt":"2019-05-17T17:44:41","guid":{"rendered":"http:\/\/www.munimacul.cl\/portalnv\/?page_id=436"},"modified":"2022-11-14T19:11:33","modified_gmt":"2022-11-14T22:11:33","slug":"plan-regulador-comunal","status":"publish","type":"page","link":"https:\/\/www.munimacul.cl\/portalnv\/index.php\/plan-regulador-comunal\/","title":{"rendered":"Plan Regulador Comunal"},"content":{"rendered":"\t\t<div data-elementor-type=\"wp-post\" data-elementor-id=\"436\" class=\"elementor elementor-436\" data-elementor-post-type=\"page\">\n\t\t\t\t\t\t<section class=\"has_eae_slider elementor-section elementor-top-section elementor-element elementor-element-0d89f00 elementor-section-boxed elementor-section-height-default elementor-section-height-default\" data-eae-slider=\"88808\" data-id=\"0d89f00\" data-element_type=\"section\" data-e-type=\"section\" data-settings=\"{&quot;background_background&quot;:&quot;classic&quot;}\">\n\t\t\t\t\t\t<div class=\"elementor-container elementor-column-gap-default\">\n\t\t\t\t\t<div class=\"has_eae_slider elementor-column elementor-col-100 elementor-top-column elementor-element elementor-element-b5c74aa\" data-eae-slider=\"33715\" data-id=\"b5c74aa\" data-element_type=\"column\" data-e-type=\"column\">\n\t\t\t<div class=\"elementor-widget-wrap elementor-element-populated\">\n\t\t\t\t\t\t<div class=\"elementor-element elementor-element-8c12c86 elementor-widget elementor-widget-heading\" data-id=\"8c12c86\" data-element_type=\"widget\" data-e-type=\"widget\" data-widget_type=\"heading.default\">\n\t\t\t\t<div class=\"elementor-widget-container\">\n\t\t\t\t\t<h2 class=\"elementor-heading-title elementor-size-default\">PLAN REGULADOR COMUNAL<\/h2>\t\t\t\t<\/div>\n\t\t\t\t<\/div>\n\t\t\t\t\t<\/div>\n\t\t<\/div>\n\t\t\t\t\t<\/div>\n\t\t<\/section>\n\t\t\t\t<section class=\"has_eae_slider elementor-section elementor-top-section elementor-element elementor-element-f056f56 elementor-hidden-desktop elementor-hidden-tablet elementor-hidden-mobile elementor-section-boxed elementor-section-height-default elementor-section-height-default\" data-eae-slider=\"80739\" data-id=\"f056f56\" data-element_type=\"section\" data-e-type=\"section\">\n\t\t\t\t\t\t<div class=\"elementor-container elementor-column-gap-default\">\n\t\t\t\t\t<div class=\"has_eae_slider elementor-column elementor-col-100 elementor-top-column elementor-element elementor-element-a723c40\" data-eae-slider=\"36978\" data-id=\"a723c40\" data-element_type=\"column\" data-e-type=\"column\">\n\t\t\t<div class=\"elementor-widget-wrap elementor-element-populated\">\n\t\t\t\t\t\t<div class=\"elementor-element elementor-element-8397c0a elementor-widget elementor-widget-text-editor\" data-id=\"8397c0a\" data-element_type=\"widget\" data-e-type=\"widget\" data-widget_type=\"text-editor.default\">\n\t\t\t\t<div class=\"elementor-widget-container\">\n\t\t\t\t\t\t\t\t\t<p>La Ley General de Urbanismo y Construcci\u00f3n indica:<\/p>\n<p>Art\u00edculo 41\u00b0 &#8211; \u00abEl Plan Regulador Comunal es un instrumento constituido por un conjunto de normas sobre adecuadas condiciones de higiene y seguridad en los edificios y espacios urbanos, y de comodidas en la relaci\u00f3n funcional entre las zonas habitacionales, de trabajo, equipamiento y esparcimiento.<\/p>\n<p>Sus disposiciones se refieren al uso del suelo o zonificaci\u00f3n, localizaci\u00f3n del equipamiento comunitario, estacionamiento, jerarquizaci\u00f3n de la estructura vial, fijaci\u00f3n de l\u00edmites urbanos, densidades y determinaci\u00f3n de prioridades en la urbanizaci\u00f3n de terrenos para la expansi\u00f3n de la ciudad, en funci\u00f3n de la factibilidad de ampliar o dotar de redes sanitarias y energ\u00e9ticas, y dem\u00e1s aspectos urban\u00edsticos\u00bb.<\/p>\n<p>Art\u00edculo 42\u00b0 &#8211; \u00abEl Plan Regulador Comunal estar\u00e1 compuesto de:<\/p>\n<p>&nbsp; &nbsp; &nbsp;a) Una Memoria explicativa, que contendr\u00e1 los antecedentes socio-econ\u00f3micos; los relativos a crecimiento demogr\u00e1fico, desarrollo industrial y dem\u00e1s antecedentes t\u00e9cnicos que sirvieron de base a las proposiciones y los objetivos, metas y prioridades de las obras b\u00e1sicas proyectadas;<\/p>\n<p>&nbsp; &nbsp; &nbsp;b) Un estudio de factibilidad para ampliar o dotar de agua potable y alcantarillado, en relaci\u00f3n con el crecimiento urbano proyectado, estudio que requerir\u00e1 consulta previa al Servicio Sanitario correspondiente de la Regi\u00f3n;<\/p>\n<p>&nbsp; &nbsp; &nbsp;c) Una Ordenanza Local que contendr\u00e1 las disposiciones reglamentarias pertinentes, y<\/p>\n<p>&nbsp; &nbsp; &nbsp;d) Los planos, que expresan gr\u00e1ficamente las disposiciones sobre uso de suelo, zonificaci\u00f3n, equipamiento, relaciones viales, l\u00edmite urbano, \u00e1reas prioritarias de desarrollo urbano, etc.<\/p>\n<p>Para los efectos de su aprobaci\u00f3n, modificaci\u00f3n y aplicaci\u00f3n, estos documentos constituir\u00e1n un solo cuerpo normativo\u00bb.<\/p>\t\t\t\t\t\t\t\t<\/div>\n\t\t\t\t<\/div>\n\t\t\t\t\t<\/div>\n\t\t<\/div>\n\t\t\t\t\t<\/div>\n\t\t<\/section>\n\t\t\t\t<section class=\"has_eae_slider elementor-section elementor-top-section elementor-element elementor-element-c2b7feb elementor-hidden-desktop elementor-hidden-tablet elementor-hidden-mobile elementor-section-boxed elementor-section-height-default elementor-section-height-default\" data-eae-slider=\"15505\" data-id=\"c2b7feb\" data-element_type=\"section\" data-e-type=\"section\" data-settings=\"{&quot;background_background&quot;:&quot;classic&quot;}\">\n\t\t\t\t\t\t<div class=\"elementor-container elementor-column-gap-default\">\n\t\t\t\t\t<div class=\"has_eae_slider elementor-column elementor-col-14 elementor-top-column elementor-element elementor-element-1a8cd52\" data-eae-slider=\"16939\" data-id=\"1a8cd52\" data-element_type=\"column\" data-e-type=\"column\">\n\t\t\t<div class=\"elementor-widget-wrap\">\n\t\t\t\t\t\t\t<\/div>\n\t\t<\/div>\n\t\t\t\t<div class=\"has_eae_slider elementor-column elementor-col-14 elementor-top-column elementor-element elementor-element-47da75e\" data-eae-slider=\"25970\" data-id=\"47da75e\" data-element_type=\"column\" data-e-type=\"column\" data-settings=\"{&quot;background_background&quot;:&quot;classic&quot;}\">\n\t\t\t<div class=\"elementor-widget-wrap elementor-element-populated\">\n\t\t\t\t\t\t<div class=\"elementor-element elementor-element-83a2478 elementor-view-stacked elementor-shape-circle elementor-invisible elementor-widget elementor-widget-icon\" data-id=\"83a2478\" data-element_type=\"widget\" data-e-type=\"widget\" data-settings=\"{&quot;_animation&quot;:&quot;zoomIn&quot;}\" data-widget_type=\"icon.default\">\n\t\t\t\t<div class=\"elementor-widget-container\">\n\t\t\t\t\t\t\t<div class=\"elementor-icon-wrapper\">\n\t\t\t<a class=\"elementor-icon\" href=\"https:\/\/www.munimacul.cl\/portalnv\/index.php\/3d-flip-book\/ordenanza-local-prc\/\" target=\"_blank\" rel=\"nofollow\">\n\t\t\t<i aria-hidden=\"true\" class=\"far fa-file-alt\"><\/i>\t\t\t<\/a>\n\t\t<\/div>\n\t\t\t\t\t\t<\/div>\n\t\t\t\t<\/div>\n\t\t\t\t<div class=\"elementor-element elementor-element-1b2db55 elementor-widget elementor-widget-heading\" data-id=\"1b2db55\" data-element_type=\"widget\" data-e-type=\"widget\" data-widget_type=\"heading.default\">\n\t\t\t\t<div class=\"elementor-widget-container\">\n\t\t\t\t\t<h2 class=\"elementor-heading-title elementor-size-default\"><b>Ordenanza Local<\/b><br><b>Plan Regulador Comunal <\/b><b>de Macul<\/b><\/h2>\t\t\t\t<\/div>\n\t\t\t\t<\/div>\n\t\t\t\t\t<\/div>\n\t\t<\/div>\n\t\t\t\t<div class=\"has_eae_slider elementor-column elementor-col-14 elementor-top-column elementor-element elementor-element-a229154\" data-eae-slider=\"72968\" data-id=\"a229154\" data-element_type=\"column\" data-e-type=\"column\">\n\t\t\t<div class=\"elementor-widget-wrap\">\n\t\t\t\t\t\t\t<\/div>\n\t\t<\/div>\n\t\t\t\t<div class=\"has_eae_slider elementor-column elementor-col-14 elementor-top-column elementor-element elementor-element-c841922\" data-eae-slider=\"88907\" data-id=\"c841922\" data-element_type=\"column\" data-e-type=\"column\" data-settings=\"{&quot;background_background&quot;:&quot;classic&quot;}\">\n\t\t\t<div class=\"elementor-widget-wrap elementor-element-populated\">\n\t\t\t\t\t\t<div class=\"elementor-element elementor-element-23ae65e elementor-view-stacked elementor-shape-circle elementor-invisible elementor-widget elementor-widget-icon\" data-id=\"23ae65e\" data-element_type=\"widget\" data-e-type=\"widget\" data-settings=\"{&quot;_animation&quot;:&quot;zoomIn&quot;}\" data-widget_type=\"icon.default\">\n\t\t\t\t<div class=\"elementor-widget-container\">\n\t\t\t\t\t\t\t<div class=\"elementor-icon-wrapper\">\n\t\t\t<a class=\"elementor-icon\" href=\"https:\/\/www.munimacul.cl\/portalnv\/wp-content\/uploads\/2019\/09\/PRC_MAYO2004.pdf\" target=\"_blank\" rel=\"nofollow\">\n\t\t\t<i aria-hidden=\"true\" class=\"fas fa-map-marked\"><\/i>\t\t\t<\/a>\n\t\t<\/div>\n\t\t\t\t\t\t<\/div>\n\t\t\t\t<\/div>\n\t\t\t\t<div class=\"elementor-element elementor-element-aef3f38 elementor-widget elementor-widget-heading\" data-id=\"aef3f38\" data-element_type=\"widget\" data-e-type=\"widget\" data-widget_type=\"heading.default\">\n\t\t\t\t<div class=\"elementor-widget-container\">\n\t\t\t\t\t<h2 class=\"elementor-heading-title elementor-size-default\"><b>Plano<\/b><br><b>Plan Regulador<\/b><br><b>Comunal <\/b><b>de Macul<\/b><br><b>Actualizado a <\/b><b>Mayo 2004<\/b><\/h2>\t\t\t\t<\/div>\n\t\t\t\t<\/div>\n\t\t\t\t\t<\/div>\n\t\t<\/div>\n\t\t\t\t<div class=\"has_eae_slider elementor-column elementor-col-14 elementor-top-column elementor-element elementor-element-c9c450d\" data-eae-slider=\"37077\" data-id=\"c9c450d\" data-element_type=\"column\" data-e-type=\"column\">\n\t\t\t<div class=\"elementor-widget-wrap\">\n\t\t\t\t\t\t\t<\/div>\n\t\t<\/div>\n\t\t\t\t<div class=\"has_eae_slider elementor-column elementor-col-14 elementor-top-column elementor-element elementor-element-509d01b\" data-eae-slider=\"40095\" data-id=\"509d01b\" data-element_type=\"column\" data-e-type=\"column\" data-settings=\"{&quot;background_background&quot;:&quot;classic&quot;}\">\n\t\t\t<div class=\"elementor-widget-wrap elementor-element-populated\">\n\t\t\t\t\t\t<div class=\"elementor-element elementor-element-3de7fb3 elementor-view-stacked elementor-shape-circle elementor-invisible elementor-widget elementor-widget-icon\" data-id=\"3de7fb3\" data-element_type=\"widget\" data-e-type=\"widget\" data-settings=\"{&quot;_animation&quot;:&quot;zoomIn&quot;}\" data-widget_type=\"icon.default\">\n\t\t\t\t<div class=\"elementor-widget-container\">\n\t\t\t\t\t\t\t<div class=\"elementor-icon-wrapper\">\n\t\t\t<a class=\"elementor-icon\" href=\"https:\/\/www.munimacul.cl\/portalnv\/wp-content\/uploads\/2019\/09\/PLAN_REGULADOR_NOV2018.pdf\" target=\"_blank\" rel=\"nofollow\">\n\t\t\t<i aria-hidden=\"true\" class=\"fas fa-map-marked-alt\"><\/i>\t\t\t<\/a>\n\t\t<\/div>\n\t\t\t\t\t\t<\/div>\n\t\t\t\t<\/div>\n\t\t\t\t<div class=\"elementor-element elementor-element-75df268 elementor-widget elementor-widget-heading\" data-id=\"75df268\" data-element_type=\"widget\" data-e-type=\"widget\" data-widget_type=\"heading.default\">\n\t\t\t\t<div class=\"elementor-widget-container\">\n\t\t\t\t\t<h2 class=\"elementor-heading-title elementor-size-default\"><b>Plano<\/b><br><b>Plan Regulador<\/b><br><b>Comunal <\/b><b>de Macul<\/b><br><b>Actualizado a Noviembre 2018<\/b><\/h2>\t\t\t\t<\/div>\n\t\t\t\t<\/div>\n\t\t\t\t\t<\/div>\n\t\t<\/div>\n\t\t\t\t<div class=\"has_eae_slider elementor-column elementor-col-14 elementor-top-column elementor-element elementor-element-84dd0dc\" data-eae-slider=\"23942\" data-id=\"84dd0dc\" data-element_type=\"column\" data-e-type=\"column\">\n\t\t\t<div class=\"elementor-widget-wrap\">\n\t\t\t\t\t\t\t<\/div>\n\t\t<\/div>\n\t\t\t\t\t<\/div>\n\t\t<\/section>\n\t\t\t\t<section class=\"has_eae_slider elementor-section elementor-top-section elementor-element elementor-element-bb764f4 elementor-section-boxed elementor-section-height-default elementor-section-height-default\" data-eae-slider=\"5064\" data-id=\"bb764f4\" data-element_type=\"section\" data-e-type=\"section\">\n\t\t\t\t\t\t<div class=\"elementor-container elementor-column-gap-default\">\n\t\t\t\t\t<div class=\"has_eae_slider elementor-column elementor-col-100 elementor-top-column elementor-element elementor-element-7305927\" data-eae-slider=\"49481\" data-id=\"7305927\" data-element_type=\"column\" data-e-type=\"column\">\n\t\t\t<div class=\"elementor-widget-wrap\">\n\t\t\t\t\t\t\t<\/div>\n\t\t<\/div>\n\t\t\t\t\t<\/div>\n\t\t<\/section>\n\t\t\t\t<\/div>\n\t\t","protected":false},"excerpt":{"rendered":"<p>PLAN REGULADOR COMUNAL La Ley General de Urbanismo y Construcci\u00f3n indica: Art\u00edculo 41\u00b0 &#8211; \u00abEl Plan Regulador Comunal es un instrumento constituido por un conjunto de normas sobre adecuadas condiciones de higiene y seguridad en los edificios y espacios urbanos, y de comodidas en la relaci\u00f3n funcional entre las zonas habitacionales, de trabajo, equipamiento y &#8230; <\/p>\n<p class=\"read-more-container\"><a title=\"Plan Regulador Comunal\" class=\"read-more button\" href=\"https:\/\/www.munimacul.cl\/portalnv\/index.php\/plan-regulador-comunal\/#more-436\" aria-label=\"Leer m\u00e1s sobre Plan Regulador Comunal\">Read more<\/a><\/p>\n","protected":false},"author":1,"featured_media":0,"parent":0,"menu_order":0,"comment_status":"closed","ping_status":"closed","template":"","meta":{"footnotes":""},"class_list":["post-436","page","type-page","status-publish"],"_links":{"self":[{"href":"https:\/\/www.munimacul.cl\/portalnv\/index.php\/wp-json\/wp\/v2\/pages\/436","targetHints":{"allow":["GET"]}}],"collection":[{"href":"https:\/\/www.munimacul.cl\/portalnv\/index.php\/wp-json\/wp\/v2\/pages"}],"about":[{"href":"https:\/\/www.munimacul.cl\/portalnv\/index.php\/wp-json\/wp\/v2\/types\/page"}],"author":[{"embeddable":true,"href":"https:\/\/www.munimacul.cl\/portalnv\/index.php\/wp-json\/wp\/v2\/users\/1"}],"replies":[{"embeddable":true,"href":"https:\/\/www.munimacul.cl\/portalnv\/index.php\/wp-json\/wp\/v2\/comments?post=436"}],"version-history":[{"count":16,"href":"https:\/\/www.munimacul.cl\/portalnv\/index.php\/wp-json\/wp\/v2\/pages\/436\/revisions"}],"predecessor-version":[{"id":27617,"href":"https:\/\/www.munimacul.cl\/portalnv\/index.php\/wp-json\/wp\/v2\/pages\/436\/revisions\/27617"}],"wp:attachment":[{"href":"https:\/\/www.munimacul.cl\/portalnv\/index.php\/wp-json\/wp\/v2\/media?parent=436"}],"curies":[{"name":"wp","href":"https:\/\/api.w.org\/{rel}","templated":true}]}}

<div data-elementor-type="wp-post" data-elementor-id="436" class="elementor elementor-436" data-elementor-post-type="page">
						<section class="has_eae_slider elementor-section elementor-top-section elementor-element elementor-element-0d89f00 elementor-section-boxed elementor-section-height-default elementor-section-height-default" data-eae-slider="88808" data-id="0d89f00" data-element_type="section" data-e-type="section" data-settings="{&quot;background_background&quot;:&quot;classic&quot;}">
						<div class="elementor-container elementor-column-gap-default">
					<div class="has_eae_slider elementor-column elementor-col-100 elementor-top-column elementor-element elementor-element-b5c74aa" data-eae-slider="33715" data-id="b5c74aa" data-element_type="column" data-e-type="column">
			<div class="elementor-widget-wrap elementor-element-populated">
						<div class="elementor-element elementor-element-8c12c86 elementor-widget elementor-widget-heading" data-id="8c12c86" data-element_type="widget" data-e-type="widget" data-widget_type="heading.default">
				<div class="elementor-widget-container">
					<h2 class="elementor-heading-title elementor-size-default">PLAN REGULADOR COMUNAL</h2>				</div>
				</div>
					</div>
		</div>
					</div>
		</section>
				<section class="has_eae_slider elementor-section elementor-top-section elementor-element elementor-element-f056f56 elementor-hidden-desktop elementor-hidden-tablet elementor-hidden-mobile elementor-section-boxed elementor-section-height-default elementor-section-height-default" data-eae-slider="80739" data-id="f056f56" data-element_type="section" data-e-type="section">
						<div class="elementor-container elementor-column-gap-default">
					<div class="has_eae_slider elementor-column elementor-col-100 elementor-top-column elementor-element elementor-element-a723c40" data-eae-slider="36978" data-id="a723c40" data-element_type="column" data-e-type="column">
			<div class="elementor-widget-wrap elementor-element-populated">
						<div class="elementor-element elementor-element-8397c0a elementor-widget elementor-widget-text-editor" data-id="8397c0a" data-element_type="widget" data-e-type="widget" data-widget_type="text-editor.default">
				<div class="elementor-widget-container">
									<p>La Ley General de Urbanismo y Construcción indica:</p>
<p>Artículo 41° &#8211; «El Plan Regulador Comunal es un instrumento constituido por un conjunto de normas sobre adecuadas condiciones de higiene y seguridad en los edificios y espacios urbanos, y de comodidas en la relación funcional entre las zonas habitacionales, de trabajo, equipamiento y esparcimiento.</p>
<p>Sus disposiciones se refieren al uso del suelo o zonificación, localización del equipamiento comunitario, estacionamiento, jerarquización de la estructura vial, fijación de límites urbanos, densidades y determinación de prioridades en la urbanización de terrenos para la expansión de la ciudad, en función de la factibilidad de ampliar o dotar de redes sanitarias y energéticas, y demás aspectos urbanísticos».</p>
<p>Artículo 42° &#8211; «El Plan Regulador Comunal estará compuesto de:</p>
<p>&nbsp; &nbsp; &nbsp;a) Una Memoria explicativa, que contendrá los antecedentes socio-económicos; los relativos a crecimiento demográfico, desarrollo industrial y demás antecedentes técnicos que sirvieron de base a las proposiciones y los objetivos, metas y prioridades de las obras básicas proyectadas;</p>
<p>&nbsp; &nbsp; &nbsp;b) Un estudio de factibilidad para ampliar o dotar de agua potable y alcantarillado, en relación con el crecimiento urbano proyectado, estudio que requerirá consulta previa al Servicio Sanitario correspondiente de la Región;</p>
<p>&nbsp; &nbsp; &nbsp;c) Una Ordenanza Local que contendrá las disposiciones reglamentarias pertinentes, y</p>
<p>&nbsp; &nbsp; &nbsp;d) Los planos, que expresan gráficamente las disposiciones sobre uso de suelo, zonificación, equipamiento, relaciones viales, límite urbano, áreas prioritarias de desarrollo urbano, etc.</p>
<p>Para los efectos de su aprobación, modificación y aplicación, estos documentos constituirán un solo cuerpo normativo».</p>								</div>
				</div>
					</div>
		</div>
					</div>
		</section>
				<section class="has_eae_slider elementor-section elementor-top-section elementor-element elementor-element-c2b7feb elementor-hidden-desktop elementor-hidden-tablet elementor-hidden-mobile elementor-section-boxed elementor-section-height-default elementor-section-height-default" data-eae-slider="15505" data-id="c2b7feb" data-element_type="section" data-e-type="section" data-settings="{&quot;background_background&quot;:&quot;classic&quot;}">
						<div class="elementor-container elementor-column-gap-default">
					<div class="has_eae_slider elementor-column elementor-col-14 elementor-top-column elementor-element elementor-element-1a8cd52" data-eae-slider="16939" data-id="1a8cd52" data-element_type="column" data-e-type="column">
			<div class="elementor-widget-wrap">
							</div>
		</div>
				<div class="has_eae_slider elementor-column elementor-col-14 elementor-top-column elementor-element elementor-element-47da75e" data-eae-slider="25970" data-id="47da75e" data-element_type="column" data-e-type="column" data-settings="{&quot;background_background&quot;:&quot;classic&quot;}">
			<div class="elementor-widget-wrap elementor-element-populated">
						<div class="elementor-element elementor-element-83a2478 elementor-view-stacked elementor-shape-circle elementor-invisible elementor-widget elementor-widget-icon" data-id="83a2478" data-element_type="widget" data-e-type="widget" data-settings="{&quot;_animation&quot;:&quot;zoomIn&quot;}" data-widget_type="icon.default">
				<div class="elementor-widget-container">
							<div class="elementor-icon-wrapper">
			<a class="elementor-icon" href="https://www.munimacul.cl/portalnv/index.php/3d-flip-book/ordenanza-local-prc/" target="_blank" rel="nofollow">
			<i aria-hidden="true" class="far fa-file-alt"></i>			</a>
		</div>
						</div>
				</div>
				<div class="elementor-element elementor-element-1b2db55 elementor-widget elementor-widget-heading" data-id="1b2db55" data-element_type="widget" data-e-type="widget" data-widget_type="heading.default">
				<div class="elementor-widget-container">
					<h2 class="elementor-heading-title elementor-size-default"><b>Ordenanza Local</b><br><b>Plan Regulador Comunal </b><b>de Macul</b></h2>				</div>
				</div>
					</div>
		</div>
				<div class="has_eae_slider elementor-column elementor-col-14 elementor-top-column elementor-element elementor-element-a229154" data-eae-slider="72968" data-id="a229154" data-element_type="column" data-e-type="column">
			<div class="elementor-widget-wrap">
							</div>
		</div>
				<div class="has_eae_slider elementor-column elementor-col-14 elementor-top-column elementor-element elementor-element-c841922" data-eae-slider="88907" data-id="c841922" data-element_type="column" data-e-type="column" data-settings="{&quot;background_background&quot;:&quot;classic&quot;}">
			<div class="elementor-widget-wrap elementor-element-populated">
						<div class="elementor-element elementor-element-23ae65e elementor-view-stacked elementor-shape-circle elementor-invisible elementor-widget elementor-widget-icon" data-id="23ae65e" data-element_type="widget" data-e-type="widget" data-settings="{&quot;_animation&quot;:&quot;zoomIn&quot;}" data-widget_type="icon.default">
				<div class="elementor-widget-container">
							<div class="elementor-icon-wrapper">
			<a class="elementor-icon" href="https://www.munimacul.cl/portalnv/wp-content/uploads/2019/09/PRC_MAYO2004.pdf" target="_blank" rel="nofollow">
			<i aria-hidden="true" class="fas fa-map-marked"></i>			</a>
		</div>
						</div>
				</div>
				<div class="elementor-element elementor-element-aef3f38 elementor-widget elementor-widget-heading" data-id="aef3f38" data-element_type="widget" data-e-type="widget" data-widget_type="heading.default">
				<div class="elementor-widget-container">
					<h2 class="elementor-heading-title elementor-size-default"><b>Plano</b><br><b>Plan Regulador</b><br><b>Comunal </b><b>de Macul</b><br><b>Actualizado a </b><b>Mayo 2004</b></h2>				</div>
				</div>
					</div>
		</div>
				<div class="has_eae_slider elementor-column elementor-col-14 elementor-top-column elementor-element elementor-element-c9c450d" data-eae-slider="37077" data-id="c9c450d" data-element_type="column" data-e-type="column">
			<div class="elementor-widget-wrap">
							</div>
		</div>
				<div class="has_eae_slider elementor-column elementor-col-14 elementor-top-column elementor-element elementor-element-509d01b" data-eae-slider="40095" data-id="509d01b" data-element_type="column" data-e-type="column" data-settings="{&quot;background_background&quot;:&quot;classic&quot;}">
			<div class="elementor-widget-wrap elementor-element-populated">
						<div class="elementor-element elementor-element-3de7fb3 elementor-view-stacked elementor-shape-circle elementor-invisible elementor-widget elementor-widget-icon" data-id="3de7fb3" data-element_type="widget" data-e-type="widget" data-settings="{&quot;_animation&quot;:&quot;zoomIn&quot;}" data-widget_type="icon.default">
				<div class="elementor-widget-container">
							<div class="elementor-icon-wrapper">
			<a class="elementor-icon" href="https://www.munimacul.cl/portalnv/wp-content/uploads/2019/09/PLAN_REGULADOR_NOV2018.pdf" target="_blank" rel="nofollow">
			<i aria-hidden="true" class="fas fa-map-marked-alt"></i>			</a>
		</div>
						</div>
				</div>
				<div class="elementor-element elementor-element-75df268 elementor-widget elementor-widget-heading" data-id="75df268" data-element_type="widget" data-e-type="widget" data-widget_type="heading.default">
				<div class="elementor-widget-container">
					<h2 class="elementor-heading-title elementor-size-default"><b>Plano</b><br><b>Plan Regulador</b><br><b>Comunal </b><b>de Macul</b><br><b>Actualizado a Noviembre 2018</b></h2>				</div>
				</div>
					</div>
		</div>
				<div class="has_eae_slider elementor-column elementor-col-14 elementor-top-column elementor-element elementor-element-84dd0dc" data-eae-slider="23942" data-id="84dd0dc" data-element_type="column" data-e-type="column">
			<div class="elementor-widget-wrap">
							</div>
		</div>
					</div>
		</section>
				<section class="has_eae_slider elementor-section elementor-top-section elementor-element elementor-element-bb764f4 elementor-section-boxed elementor-section-height-default elementor-section-height-default" data-eae-slider="5064" data-id="bb764f4" data-element_type="section" data-e-type="section">
						<div class="elementor-container elementor-column-gap-default">
					<div class="has_eae_slider elementor-column elementor-col-100 elementor-top-column elementor-element elementor-element-7305927" data-eae-slider="49481" data-id="7305927" data-element_type="column" data-e-type="column">
			<div class="elementor-widget-wrap">
							</div>
		</div>
					</div>
		</section>
				</div>

<p>PLAN REGULADOR COMUNAL La Ley General de Urbanismo y Construcción indica: Artículo 41° &#8211; «El Plan Regulador Comunal es un instrumento constituido por un conjunto de normas sobre adecuadas condiciones de higiene y seguridad en los edificios y espacios urbanos, y de comodidas en la relación funcional entre las zonas habitacionales, de trabajo, equipamiento y &#8230; </p>
<p class="read-more-container"><a title="Plan Regulador Comunal" class="read-more button" href="https://www.munimacul.cl/portalnv/index.php/plan-regulador-comunal/#more-436" aria-label="Leer más sobre Plan Regulador Comunal">Read more</a></p>
